 is divided by 103.
71
Calculate the remainder when 73811 is divided by 1252.
1195
What is the remainder when 6526853 is divided by 2463?
2366
Calculate the remainder when 13709 is divided by 9377.
4332
What is the remainder when 3110884 is divided by 444412?
0
What is the remainder when 36946 is divided by 12207?
325
Calculate the remainder when 33908362 is divided by 173889.
7
Calculate the remainder when 32402 is divided by 4564.
454
What is the remainder when 112922 is divided by 109883?
3039
Calculate the remainder when 1314260 is divided by 2682.
80
Calculate the remainder when 69359206 is divided by 6747.
46
What is the remainder when 43389 is divided by 1612?
1477
What is the remainder when 124937 is divided by 10197?
2573
What is the remainder when 213846 is divided by 8910?
6
Calculate the remainder when 217205717 is divided by 2033.
2030
Calculate the remainder when 3637530 is divided by 654.
636
What is the remainder when 7729063 is divided by 65500?
63
Calculate the remainder when 64097 is divided by 81.
26
What is the remainder when 10136027 is divided by 10625?
10402
Calculate the remainder when 94409376 is divided by 84.
12
Calculate the remainder when 4892064 is divided by 15.
9
Calculate the remainder when 116693088 is divided by 30.
18
Calculate the remainder when 2212330 is divided by 2212323.
7
What is the remainder when 215758 is divided by 16399?
2571
Calculate the remainder when 147229071 is divided by 41.
39
What is the remainder when 1801085 is divided by 774?
761
Calculate the remainder when 189032 is divided by 1748.
248
Calculate the remainder when 5525198 is divided by 5525143.
55
Calculate the remainder when 653698 is divided by 716.
706
Calculate the remainder when 960097 is divided by 2775.
2722
Calculate the remainder when 1210666 is divided by 302666.
2
Calculate the remainder when 165896 is divided by 6409.
5671
Calculate the remainder when 77311 is divided by 68487.
8824
What is the remainder when 4109443 is divided by 1369807?
22
What is the remainder when 135491 is divided by 67308?
875
What is the remainder when 2729089 is divided by 454848?
1
What is the remainder when 2847182 is divided by 1046?
1016
Calculate the remainder when 2999360 is divided by 2557.
2556
What is the remainder when 218065 is divided by 72231?
1372
Calculate the remainder when 1024929 is divided by 179.
154
Calculate the remainder when 2759193 is divided by 591.
405
Calculate the remainder when 9436632 is divided by 60.
12
Calculate the remainder when 141636687 is divided by 5245803.
6
Calculate the remainder when 730311 is divided by 243249.
564
What is the remainder when 1550128 is divided by 387509?
92
What is the remainder when 24875 is divided by 12431?
13
What is the remainder when 1525751 is divided by 21482?
529
Calculate the remainder when 51672 is divided by 156.
36
Calculate the remainder when 190576 is divided by 1564.
1332
Calculate the remainder when 314086171 is divided by 325.
321
Calculate the remainder when 1358862 is divided by 1586.
1246
What is the remainder when 11319 is divided by 182?
35
Calculate the remainder when 2583242 is divided by 19570.
2
What is the remainder when 8598207 is divided by 4298675?
857
What is the remainder when 662807 is divided by 662471?
336
Calculate the remainder when 33925 is divided by 11107.
604
What is the remainder when 13900960 is divided by 26478?
10
Calculate the remainder when 68758 is divided by 398.
302
Calculate the remainder when 44046631 is divided by 12338.
12309
What is the remainder when 685845901 is divided by 4634?
4633
What is the remainder when 408941 is divided by 102235?
1
Calculate the remainder when 330916 is divided by 279.
22
Calculate the remainder when 139204 is divided by 3070.
1054
What is the remainder when 732463 is divided by 226?
223
Calculate the remainder when 764502 is divided by 254723.
333
What is the remainder when 891843 is divided by 222932?
115
Calculate the remainder when 5573748 is divided by 173.
34
What is the remainder when 1916076 is divided by 51783?
105
What is the remainder when 10344832 is divided by 46809?
43
What is the remainder when 10287576 is divided by 791350?
26
What is the remainder when 579605 is divided by 193040?
485
Calculate the remainder when 32631 is divided by 5389.
297
What is the remainder when 9851715 is divided by 72?
27
What is the remainder when 453659324 is divided by 56707414?
12
What is the remainder when 64208 is divided by 12607?
1173
What is the remainder when 67479 is divided by 5601?
267
What is the remainder when 3066835 is divided by 98930?
5
Calculate the remainder when 57886 is divided by 129.
94
Calculate the remainder when 17684 is divided by 2942.
32
What is the remainder when 653876 is divided by 155?
86
What is the remainder when 807090 is divided by 151?
146
What is the remainder when 6254003 is divided by 2285?
2243
What is the remainder when 369027 is divided by 184425?
177
Calculate the remainder when 112153 is divided by 5833.
1326
Calculate the remainder when 201874 is divided by 315.
274
Calculate the remainder when 152304 is divided by 21653.
733
What is the remainder when 1007313 is divided by 167877?
51
Calculate the remainder when 97374 is divided by 32017.
1323
What is the remainder when 1075809027 is divided by 238?
237
What is the remainder when 14363999 is divided by 4394?
13
What is the remainder when 295785 is divided by 29018?
5605
What is the remainder when 1730783 is divided by 192307?
20
Calculate the remainder when 4962056 is divided by 11202.
10772
What is the remainder when 609833 is divided by 195?
68
Calculate the remainder when 77650 is divided by 25860.
70
What is the remainder when 49389 is divided by 9873?
24
What is the remainder when 2345398 is divided by 1387?
1368
What is the remainder when 13228871 is divided by 8987?
7
What is the remainder when 31950479 is divided by 31950468?
11
What is the remainder when 462620 is divided by 462413?
207
Calculate the remainder when 267595 is divided by 3224.
3
Calculate the remainder when 894482 is divided by 894482.
0
Calculate the remainder when 5846282 is divided by 1948757.
11
Calculate the remainder when 983764 is divided by 7.
5
What is the remainder when 41414 is divided by 3708?
626
Calculate the remainder when 3704 is divided by 714.
134
Calculate the remainder when 30709997 is divided by 245.
227
Calculate the remainder when 401065 is divided by 218.
163
Calculate the remainder when 1529607 is divided by 382395.
27
What is the remainder when 593100 is divided by 1239?
858
What is the remainder when 20846 is divided by 572?
254
Calculate the remainder when 2776372 is divided by 475.
472
What is the remainder when 488847 is divided by 12534?
21
Calculate the remainder when 145294 is divided by 547.
339
Calculate the remainder when 311611 is divided by 3179.
69
What is the remainder when 3297233 is divided by 80?
33
What is the remainder when 59840207 is divided by 28?
7
Calculate the remainder when 190896 is divided by 386.
212
Calculate the remainder when 42524 is divided by 42228.
296
What is the remainder when 247166 is divided by 7489?
29
What is the remainder when 435852 is divided by 62240?
172
Calculate the remainder when 987779 is divided by 1380.
1079
Calculate the remainder when 35418981 is divided by 694.
691
What is the remainder when 33518903 is divided by 122?
13
What is the remainder when 3188796 is divided by 255?
21
What is the remainder when 668237 is divided by 221359?
4160
What is the remainder when 628623 is divided by 5?
3
What is the remainder when 98761388 is divided by 52?
24
Calculate the remainder when 329540509 is divided by 832173.
1
What is the remainder when 888956 is divided by 498?
26
What is the remainder when 1241562 is divided by 36511?
188
Calculate the remainder when 11090163 is divided by 1378.
19
What is the remainder when 13305406 is divided by 1472?
1470
Calculate the remainder when 28981 is divided by 26256.
2725
Calculate the remainder when 184575500 is divided by 44.
32
What is the remainder when 10759804 is divided by 4316?
16
What is the remainder when 794488 is divided by 52964?
28
What is the remainder when 2619714 is divided by 1045?
944
What is the remai